*f + 6. Give q(i).
6
Suppose -z - 3 = 0, 4*q = -3*z + 4 + 3. Suppose -x + 4*k = -22, -5*k - 17 = 2*x + 2*x. Let y(m) = -m - x - 3 + 4. Calculate y(q).
-5
Let k(o) be the second derivative of 1/360*o**6 + 1/6*o**3 + 0 - o - 1/12*o**4 + 0*o**2 + 0*o**5. Let a(s) be the second derivative of k(s). Calculate a(0).
-2
Let o(q) = q**2 - 7*q - 1. Let c be o(8). Suppose -c*v = -4*v + 9. Let z(y) = -y - 3 + 0*y + 7. Give z(v).
7
Let v = -96 - -293/3. Let f(a) be the first derivative of v*a**3 - a - 1/2*a**2 - 3. What is f(-1)?
5
Let g(r) = r**3 - 2*r**2 + r. Let v be g(3). Suppose 5*m + s = 19, 4*m + 2*s + 2*s - v = 0. Let q(d) = -d**3 + 4*d**2 + 2*d - 1. Determine q(m).
7
Let b = 8 + -6. Let j be 6/4*(1 - -1). Suppose j*p = b*p. Let z(w) = -w - 4. Give z(p).
-4
Let d = 67 - 68. Let f(h) = 2*h**2 - 1. Give f(d).
1
Let u(t) = -t**3 - t**2 + 2*t - 3. Suppose 8 = 3*y + 2. Give u(y).
-11
Let t(u) = -6*u - 1. Let z be (30 + -6)*(-1)/2. Let s = 11 + z. Give t(s).
5
Let t(j) = 7*j**2 - j - 14. Let x = -13 + 27. Suppose -z = x - 1. Let a(l) = 15*l**2 - 3*l - 29. Let d(w) = z*t(w) + 6*a(w). Determine d(-6).
2
Let f(y) = -y**3 - 3*y**2 - y - 1. Let a be f(-3). Let h(b) = 7*b**2 + b - 2*b - 2*b**a. Let v be ((-1)/(-2)*-2)/(-1). Give h(v).
4
Let n(p) = -3*p**2 - 5*p - 2. Let c(x) = 7*x**2 + 10*x + 3. Let l(q) = -2*c(q) - 5*n(q). Determine l(-5).
4
Let k(p) = p**3 + 2*p**2 - 2*p + 1. Let t(r) = r**2 - r. Let b(w) = -k(w) + 2*t(w). Let x = 2 - 3. Let v be x*(0 - (-1 - 0)). What is b(v)?
0
Let j(m) = -3*m + 21. Let p be j(6). Let o(u) = -u**3 + u - 5. Let n(c) = -c**3 - c**2 + 2*c - 6. Let h(d) = -5*n(d) + 6*o(d). What is h(p)?
6
Let w(g) be the second derivative of 1/20*g**5 + 1/6*g**3 + 2*g + 0 + 3*g**2 + 5/12*g**4. Give w(-5).
1
Let q(s) = -s - 3. Let j(y) = -1. Let i(b) = -j(b) + q(b). Calculate i(-3).
1
Let l(f) = f**3 + 4*f**2 - 6*f - 2. Let o(j) = j**2 + j - 1. Let x(r) = r**2 - 5*r - 3. Let z(d) = 2*o(d) - x(d). Let s be z(-6). Determine l(s).
3
Let v(a) = 44*a**3 + 35*a**3 + 8*a**2 - 80*a**3 - 5 - 6*a. Calculate v(7).
2
Let w(f) be the first derivative of f**2/2 - 8*f - 19. Determine w(8).
0
Let j(h) = -h + 1. Suppose 2*w - 4*w = -6. Calculate j(w).
-2
Let r(c) = c**2 - 6*c. Let a = 0 + 2. Let y be 1 - (-1 + a) - 0. Suppose y*k - 15 = -3*k. Calculate r(k).
-5
Suppose -h + 1 = -3. Let r(j) be the third derivative of 0*j - 1/12*j**4 + 1/6*j**3 + 0 - j**2. Determine r(h).
-7
Let a be 6/2*16/12. Let b(q) = -q**2 + 4*q - 3. What is b(a)?
-3
Let a(u) = u**2 - 6*u - 5. Let g(y) = -y**3 - 2*y**2 + y - 1. Let j be g(-3). Give a(j).
-10
Let m(k) = 3*k - 2. Let z be -9*(-3 + (-8)/(-3))*-1. Give m(z).
-11
Let o(f) = -f**2 - f + 2. Let z = 7 - 4. Suppose -4 = -w + 1. Suppose -2*p + 0 + 1 = -w*c, -z*p + 4*c + 5 = 0. What is o(p)?
-10
Let i = -231 - -235. Let v(s) = 3*s + 2. Let n(c) = 2*c + 1. Let f(d) = 4*n(d) - 3*v(d). Determine f(i).
-6
Let n(x) be the third derivative of 1/12*x**4 + 0*x + 0 - 1/3*x**3 + 4*x**2. Give n(-2).
-6
Let i(p) = p**2 - 8 + 0*p**2 - 5*p + 7 - 2*p**2. Determine i(-5).
-1
Let y(z) = -z - 3. Suppose -3*l = -4*j + l, 6 = -j - 2*l. Let x(q) = 5*q + 16 - 4*q + 4*q. Let p(t) = j*x(t) - 11*y(t). What is p(3)?
4
Let b be (2 - 1) + 7 + -3. Let k(c) = b*c - 3*c + 0 - 1. Let l be k(3). Let t(a) = -a**3 + 4*a**2 + 3*a + 6. Give t(l).
-4
Let f = -19 - -17. Let r(h) = -h - 3. What is r(f)?
-1
Let g(c) be the third derivative of -7*c**5/60 + c**4/12 - c**3/6 + c**2. Let d be (-8)/(-12)*6/4. Let v = d - 0. Give g(v).
-6
Suppose q - 3*j = -4*j + 4, -5*q - 3*j = -18. Let k(t) = 1 - t - 2 + q - 4. Determine k(-2).
0
Let f(m) = m + 4. Let b(s) = 1. Let l(v) = 3*b(v) - f(v). Calculate l(4).
-5
Let m(g) = g**3 + 5*g**2 - 5*g. Let p be (-15)/(-1)*(-1)/3. Let z = p - 4. Let n = 3 + z. Determine m(n).
-6
Let b(t) be the first derivative of -t**2/2 - 2. Let r(x) = x**2 - 4*x + 3. Let h be r(4). Calculate b(h).
-3
Let t(a) = 7*a**2 + 2*a**2 + 0 - 10*a**2 + 1. Let b(u) = u**2 - 7*u + 6. Let o be b(6). Calculate t(o).
1
Let d(q) = q**3 - 5*q**2 + 2*q - 3. Suppose -u + 4 = 2. Let r be 3/((-1)/((-3)/3)). Suppose -t - u*a - 3 = 0, 0 = r*t + a - 2 - 9. Give d(t).
7
Let b(x) = -x. Suppose -4*s + 9*s - 28 = -i, i + 12 = 3*s. Suppose s*d - 5*g = -40, 5*d + 10*g = 5*g - 10. Calculate b(d).
5
Let f(j) = j + 7. Let k(i) be the first derivative of i**2/2 + i - 1. Let b(y) = f(y) - 5*k(y). What is b(2)?
-6
Let b(o) be the second derivative of o**4/12 + o**2/2 - 4*o. Let i(w) = 5*w**2 + 2*w + 4. Let f(r) = -4*b(r) + i(r). Calculate f(2).
8
Let h(v) = -v**2 + 5*v. Let i be 0/((-4)/(-16)*4). Let a = 6 - i. Give h(a).
-6
Let y(z) = -3*z. Let v(s) = 4*s - 1. Let n be 18/(-5) - 2/5. Let o(c) = n*v(c) - 5*y(c). Suppose 0 = 4*w - 5*a + 15, 6 = -2*a + 12. Calculate o(w).
4
Suppose -3*p = -4*o - 20, -3*o + 4*o - 41 = -5*p. Let v be ((-6)/9)/(p/12). Let c(q) = 2*q + 2. Let u(m) = m + 1. Let f(r) = -2*c(r) + 5*u(r). Give f(v).
0
Suppose 5*d + 14 = 49. Let s(p) = -p + 4. Give s(d).
-3
Suppose 10 = -x + 5*n, -6*x + 4*x + 4*n = 2. Suppose 3*y = -g - 16, -4*y + x*g + 32 = -7*y. Let c(p) = -p - 5. Give c(y).
-1
Let o = 22 - 11. Let z(f) = -25*f + 16. Let x(a) = -5*a + 3. Let d(y) = o*x(y) - 2*z(y). Determine d(1).
-4
Let v(a) = 2*a + 44. Let t be v(-25). Let d(g) = g - 1. Calculate d(t).
-7
Let l = -3 - -5. Let t be (-4)/(-14) - 5/(-7). Let v(z) = 0*z + 0*z**3 - t + z**3 - l*z**2 + 2*z. Give v(2).
3
Let p(g) = g**2 + 3*g - 4. Let i = -111 + 106. What is p(i)?
6
Let j(q) = q - 2. Let x = 45 - 51. What is j(x)?
-8
Let n = -5 + 3. Let a be 3/4 + n/(-8). Let g(z) = z**2 - z + 1. Let y(i) = -2*i**3 - 2*i**2 + 3*i - 2. Let k(u) = -g(u) - y(u). What is k(a)?
2
Let h(a) = -3*a**2 - 14*a - 3. Let z(f) = 2*f**2 + 13*f + 4. Let c(s) = -3*h(s) - 4*z(s). Give c(11).
4
Let g = 113 + -110. Let x(k) be the first derivative of k - 2 + 1/2*k**2 - 1/4*k**4 + 1/3*k**g. Give x(-1).
2
Suppose -5*m + 9 = -1. Let v(s) be the third derivative of 0*s + 1/20*s**5 + 0 - 1/6*s**4 + 2*s**2 + 1/3*s**3. Determine v(m).
6
Let l(i) = -i - 9. Suppose 22 = -2*j - 4*m, 7*j + 29 = 3*j - 3*m. Let f be l(j). Let k(o) = -o**3 - 5*o**2 - 6*o - 6. Calculate k(f).
2
Suppose -10 = 2*p, -4*p - 17 = -5*j - 67. Let a be (-52)/j - 2/(-7). Let c(i) be the second derivative of -i**4/12 + i**3/3 + 3*i**2/2 - i. Give c(a).
-5
Let u = 11 + -7. Let r(d) = -d - d + u*d + d. Calculate r(1).
3
Suppose 1 = -3*u + 3*r + 4, 4*u + 2*r + 26 = 0. Let m(g) = g**3 + 5*g**2 + 4*g + 4. Determine m(u).
4
Let b(m) = -m**2 + m. Let t(j) = -3*j**2 - 4*j - 2. Let d(f) = -b(f) + t(f). Let n(a) = a + 1. Let g = 8 + -12. Let q be n(g). Give d(q).
-5
Let l(i) be the third derivative of i**6/120 - i**5/12 - i**4/12 + 7*i**3/6 + 4*i**2. Let k be 1/4 - 86/(-8). Let s = k + -6. Calculate l(s).
-3
Let v(p) = -2*p + 10. Let y be v(6). Let r(f) = 4*f - 1. Calculate r(y).
-9
Let l(f) = f - 4. Let g(c) = c**3 + c. Let t be 4/((-1)/(-2)*-2). Let j be -1*1 - (t + 3). Let x be g(j). Give l(x).
-4
Let y(u) be the second derivative of -u**5/5 + u**4/12 + 12*u. Determine y(1).
-3
Let c(w) = -w**2. Let j(l) = 0*l - 11 - l + 1. Let p be j(-9). Let d = p + 0. Determine c(d).
-1
Let h(y) = 1. Let j(z) = z**3 - 6*z**2 + 2*z. Let i(n) = 4*h(n) + j(n). Calculate i(6).
16
Let s be 2 + (4 + -1)/3. Let m be 3/(1/(-2)*s). Let x(t) = -t**2 - 5. Let a(j) = -5*j**2 + j - 26. Let z(g) = 2*a(g) - 11*x(g). Give z(m).
3
Let z(v) = 0*v - 1 + 1 - 1 + v. What is z(-4)?
-5
Let y(x) = 2*x**2 - x + 2. Let r(v) = v - 4. Let l be r(7). Let u(f) = -f - l*f**2 - 3*f - 5 + 6*f. Let c(o) = -2*u(o) - 5*y(o). Give c(-1).
-5
Let f(z) be the first derivative of -z**3 + z**2 + z - 3. Give f(2).
-7
Let i(z) = z**2 - 3*z - 4. Let q be i(5). Let r = 3 - q. Let j(d) = -1 + 4*d - 7*d + 2*d. Calculate j(r).
2
Let q = -4 + 3. Let t be (-27)/(-6) + q/2. Let r(f) = -1 - 6 + t*f + 2 + 2. Determine r(2).
5
Let r = -1 - -5. Let j(b) be the first derivative of -b**4/4 + 5*b**3/3 - 5*b**2/2 + 5*b - 2. What is j(r)?
1
Let u(k) = k**3 + 0*k**2 + 26*k - 29*k + k**2 + 2*k**2 + 1. What is u(2)?
15
Let u(t) be the second derivative of t**8/6720 - t**7/1260 - t**6/360 - t**5/60 - t**4/6 - 6*t. Let n(g) be the third derivative of u(g). Determine n(3).
1
Let z(v) be the first derivative of v**2/2 + v + 10. Suppose 3*g = -3*u - 0*g + 12, -u + 2*g